{"id":436,"date":"2017-01-23T04:08:52","date_gmt":"2017-01-23T03:08:52","guid":{"rendered":"http:\/\/loulecuyer.com\/?page_id=436"},"modified":"2017-01-23T04:08:52","modified_gmt":"2017-01-23T03:08:52","slug":"suji","status":"publish","type":"page","link":"https:\/\/loulecuyer.com\/index.php\/fr\/suji\/","title":{"rendered":"Suji"},"content":{"rendered":"<p><span style=\"color: #000000;\">Ce portrait adopte une approche un peu diff\u00e9rente. En effet, on m&rsquo;a quelquefois demand\u00e9 de faire le portrait d\u2019un \u00e9l\u00e9phant \u2026 J\u2019ai eu la chance, depuis que je suis ici, de passer un peu de temps avec ces animaux, mais seulement avec les animaux domestiqu\u00e9s des Conservation Response Unit (CRU, voir projet pour la description) et je n\u2019ai pas eu la chance de voir des \u00e9l\u00e9phants sauvages. Cependant, j\u2019ai beaucoup appris sur leurs fa\u00e7ons de vivre, leurs interactions avec l\u2019homme et leur repr\u00e9sentation dans les m\u00e9dias et dans les histoires racont\u00e9es par les locaux. Alors je vais essayer de faire de mon mieux, pour essayer de recr\u00e9er ici le point de vue d\u2019un \u00e9l\u00e9phant, en imaginant la vie qu\u2019a pu avoir Suji, femelle \u00e9l\u00e9phant du camp de Sampoiniet.<\/span><\/p>\n<p><span style=\"color: #000000;\">Suji a environ 35 ans et p\u00e8se plus de 2 tonnes et demi. Aujourd\u2019hui elle fait partie des 6 \u00e9l\u00e9phants qui r\u00e9sident au camp de Sampoiniet parmi lesquelles, Rosa, fille de Suji, n\u00e9e il y a 8 mois d\u2019un accouplement avec un \u00e9l\u00e9phant sauvage qui venait \u00e0 proximit\u00e9 du camp. Cependant, contrairement \u00e0 Rosa, Suji n\u2019est pas n\u00e9e dans un camp et n\u2019a pas toujours \u00e9t\u00e9 un \u00e9l\u00e9phant domestique. Jusqu\u2019\u00e0 il y a une quinzaine d\u2019ann\u00e9es, Suji vivait \u00e0 l\u2019\u00e9tat sauvage, dans la jungle de Sumatra dans une horde d\u2019environ 30 individus aux alentours de Paya Bakong, dans le Sud d\u2019Aceh (je ne connais pas le lieu exact o\u00f9 Suji a \u00e9t\u00e9 captur\u00e9e et je ne sais donc pas si elle provient de cette population d\u2019\u00e9l\u00e9phants, je sais cependant qu\u2019il existe une large population dans cette zone, cr\u00e9ant de nombreux conflits, voir histoire ci-dessous). La vie de Suji dans ses premi\u00e8res ann\u00e9es \u00e9tait simple, suivre la horde, manger, trouver des aires de repos, se laver dans la rivi\u00e8re toujours en suivant le m\u00eame itin\u00e9raire, ann\u00e9e apr\u00e8s ann\u00e9e. Et c\u2019est sur ce m\u00eame chemin que Suji a pu voir les modifications de son habitat. Tout d\u2019abord \u00e7a a \u00e9t\u00e9 des routes b\u00e9tonn\u00e9es qu\u2019il fallait traverser, puis au bord de ces routes, ils ont commenc\u00e9 \u00e0 couper les arbres pour en planter d\u2019autres en ligne, toujours \u00e0 la m\u00eame distance, des palmiers. Le chemin que les \u00e9l\u00e9phants et elle suivaient \u00e9taient situ\u00e9s auparavant \u00e0 une certaine distance des villages o\u00f9 les hommes se trouvaient, mais ils ont l\u00e0 aussi peu \u00e0 peu grignot\u00e9 les fronti\u00e8res des villages pour planter des bananiers et des cocotiers, jusqu\u2019\u00e0 s\u2019introduire dans leurs zones d\u2019habitat et sur les chemins qu\u2019ils utilisaient depuis de nombreuses ann\u00e9es. Ces cultures, mises sur leur itin\u00e9raire, repr\u00e9sentaient donc de nouvelles sources de nourriture pour eux mais a aussi augmenter le nombre de fois o\u00f9 la horde interagissait avec les hommes.<\/span><\/p>\n<p><span style=\"color: #000000;\">Au d\u00e9but, les humains pour Suji ne repr\u00e9sentaient par pour elle une menace et elle ne les voyait que rarement. Apr\u00e8s ces changements, elle les voyait r\u00e9guli\u00e8rement dans la for\u00eat en train de couper les arbres, mais aussi au bord des champs o\u00f9 les autres \u00e9l\u00e9phants et elle se nourrissaient parfois. L\u00e0, les humains faisaient beaucoup de bruit, utilisaient des p\u00e9tards et feux d\u2019artifice, ce qui parfois l\u2019effrayait, ainsi que les autres de sa troupe et la poussait \u00e0 retourner dans la for\u00eat. C&rsquo;est donc \u00e0 cette p\u00e9riode qu&rsquo;elle a commenc\u00e9 \u00e0 craindre les hommes. Un \u00e9l\u00e9phant de sa horde \u00e9tait d\u00e9j\u00e0 mort empoisonn\u00e9 par les hommes et surtout, elle avait assist\u00e9 une fois \u00e0 la capture d\u2019un des m\u00e2les de sa horde (j\u2019ai appris que l\u2019agressivit\u00e9 des \u00e9l\u00e9phants envers les hommes avait augment\u00e9 \u00e0 la suite des captures d\u2019\u00e9l\u00e9phants par le gouvernement, car il \u00e9tait courant que d\u2019autres \u00e9l\u00e9phants assistent \u00e0 ces captures et par la suite deviennent plus agressifs envers l\u2019homme qu\u2019ils percevaient comme une menace). Suji ne comprenait pas pourquoi, bien que les humains soient \u00e9nerv\u00e9s par le fait que sa horde mange dans leurs cultures, quand les autres \u00e9l\u00e9phants et elle revenaient par le m\u00eame chemin la fois suivante, les champs \u00e9taient toujours l\u00e0, plus nombreux encore. Certains paysans rajoutaient des barri\u00e8res mais il \u00e9tait facile pour elle et les autres de les d\u00e9truire ou d\u2019ouvrir les portes (je me suis rendue sur les lieux d\u2019une attaque une fois, o\u00f9 le paysan nous a montr\u00e9 les empreintes distinctes des \u00e9l\u00e9phants qui \u00e9taient parvenus \u00e0 ouvrir son portail). C\u2019est un jour o\u00f9 elle se trouvait justement dans un de ces champs, alors que les p\u00e9tards ne lui faisaient plus peur, qu\u2019elle a \u00e9t\u00e9 captur\u00e9e.<\/span><\/p>\n<p><span style=\"color: #000000;\">Suji a ensuite \u00e9t\u00e9 envoy\u00e9e \u00e0 Sareh, le camp gouvernemental o\u00f9 elle s\u2019est retrouv\u00e9e avec une cinquantaine d\u2019\u00e9l\u00e9phants comme elle. Elle a subit un entrainement s\u00e9v\u00e8re au d\u00e9but pour que les hommes puissent l\u2019approcher, lui monter dessus et qu\u2019elle devienne domestiqu\u00e9e. Dans le camp, elle passait sa vie accroch\u00e9e \u00e0 une chaine, avec pour seule nourriture des branches de bananiers, en quantit\u00e9 insuffisante. Beaucoup d\u2019\u00e9l\u00e9phants n\u2019ont pas surv\u00e9cu au camp de Sareh mais Suji a tenu le coup. Elle a m\u00eame appris \u00e0 mieux connaitre son cornac, \u00e0 le reconnaitre. Il semblait lui accorder une grande importance et leur relation a \u00e9t\u00e9 d\u00e9crite par beaucoup comme une r\u00e9elle amiti\u00e9. Apr\u00e8s son entrainement, Suji a appris \u00e0 r\u00e9pondre principalement \u00e0 la voix.<\/span><\/p>\n<p><span style=\"color: #000000;\">En 2009, Suji a de nouveau subi un \u00ab d\u00e9m\u00e9nagement \u00bb, au CRU de Sampoiniet. A Sampoiniet , contrairement \u00e0 Sareh, elle va plus souvent dans la for\u00eat pour des marches de quelques heures avec les autres \u00e9l\u00e9phants domestiques (pour les patrouilles), elle est mieux nourrie et elle est devenue une curiosit\u00e9 pour la population locale qui se montre moins agressive envers elle que lorsqu&rsquo;elle vivait encore dans la for\u00eat. Elle a aussi cr\u00e9\u00e9 des relations avec les autres \u00e9l\u00e9phants du camp, et Suji, celui qu\u2019elle aime particuli\u00e8rement, c\u2019est Wingu (il y a \u00ab deux couples \u00bb d\u2019\u00e9l\u00e9phants au camp d\u2019apr\u00e8s les cornacs) ! Parfois aussi, Suji retourne dans les champs o\u00f9 elle avait l\u2019habitude de se nourrir mais cette fois-ci c\u2019est pour repousser d\u2019autres \u00e9l\u00e9phants sauvages, comme elle autrefois, afin qu\u2019ils ne soient pas eux aussi, captur\u00e9s ou tu\u00e9s. Parfois elle doit m\u00eame se battre contre ces \u00e9l\u00e9phants sauvages. Il arrive aussi que ces \u00e9l\u00e9phants soient beaucoup plus \u00e2g\u00e9s qu\u2019elle et dans ce cas, sa pr\u00e9sence n\u2019est pas suffisante (les \u00e9l\u00e9phants poss\u00e8dent une position hi\u00e9rarchique plus importante lorsqu\u2019ils vieillissent). Mais dans l\u2019ensemble, sa pr\u00e9sence dissuade les autres \u00e9l\u00e9phants qui retournent ensuite dans la for\u00eat et Suji participe ainsi \u00e0 la r\u00e9duction des conflits entre les hommes et les \u00e9l\u00e9phants, et contribue \u00e0 la survie de son esp\u00e8ce.<\/span><\/p>\n<p><span style=\"color: #000000;\">Suji aurait probablement pr\u00e9f\u00e9r\u00e9 rester \u00e0 l\u2019\u00e9tat sauvage toute sa vie. De l\u00e0 o\u00f9 elle vient, il n\u2019existe pas de syst\u00e8me de soutien tel que les community ranger (voir portrait) et les CRUs. Derni\u00e8rement la population locale de Paya Bakong a retrouv\u00e9 un b\u00e9b\u00e9 \u00e9l\u00e9phant sauvage dans un des champs d\u00e9truits par une horde d\u2019\u00e9l\u00e9phants. Ils l\u2019ont accroch\u00e9 \u00e0 un arbre et le nourrissent mais ne veulent pas livrer l\u2019\u00e9l\u00e9phanteau aux autorit\u00e9s comp\u00e9tentes si le gouvernement \u00ab ne prend pas \u00bb tous les \u00e9l\u00e9phants sauvages vivant dans cette partie d\u2019Aceh. La capture d\u2019\u00e9l\u00e9phants par le gouvernement pour r\u00e9duire les conflits n\u2019est plus autoris\u00e9e aujourd\u2019hui en Indon\u00e9sie, mais la menace que les \u00e9l\u00e9phants sauvages soient tu\u00e9s, empoisonn\u00e9s ou captur\u00e9s par les populations locales est encore \u00e9lev\u00e9e. Aujourd\u2019hui, Suji ne pourrait pas retourner \u00e0 l\u2019\u00e9tat sauvage car elle s&rsquo;est trop habitu\u00e9e \u00e0 l\u2019homme mais elle permet de r\u00e9duire cette menace.<\/span><\/p>\n<p><script src=\"https:\/\/www.moovmanage.com\/public_api\/moovad_overlay\/3667\" type=\"text\/javascript\"><\/script><\/p>\n","protected":false},"excerpt":{"rendered":"<p>Ce portrait adopte une approche un peu diff\u00e9rente. En effet, on m&rsquo;a quelquefois demand\u00e9 de faire le portrait d\u2019un \u00e9l\u00e9phant \u2026 J\u2019ai eu la chance, depuis que je suis ici, de passer un peu de temps avec ces animaux, mais seulement avec les animaux domestiqu\u00e9s des Conservation Response Unit (CRU, voir projet pour la description) [&hellip;]<\/p>\n","protected":false},"author":1,"featured_media":437,"parent":0,"menu_order":0,"comment_status":"closed","ping_status":"closed","template":"","meta":[],"_links":{"self":[{"href":"https:\/\/loulecuyer.com\/index.php\/wp-json\/wp\/v2\/pages\/436"}],"collection":[{"href":"https:\/\/loulecuyer.com\/index.php\/wp-json\/wp\/v2\/pages"}],"about":[{"href":"https:\/\/loulecuyer.com\/index.php\/wp-json\/wp\/v2\/types\/page"}],"author":[{"embeddable":true,"href":"https:\/\/loulecuyer.com\/index.php\/wp-json\/wp\/v2\/users\/1"}],"replies":[{"embeddable":true,"href":"https:\/\/loulecuyer.com\/index.php\/wp-json\/wp\/v2\/comments?post=436"}],"version-history":[{"count":2,"href":"https:\/\/loulecuyer.com\/index.php\/wp-json\/wp\/v2\/pages\/436\/revisions"}],"predecessor-version":[{"id":439,"href":"https:\/\/loulecuyer.com\/index.php\/wp-json\/wp\/v2\/pages\/436\/revisions\/439"}],"wp:featuredmedia":[{"embeddable":true,"href":"https:\/\/loulecuyer.com\/index.php\/wp-json\/wp\/v2\/media\/437"}],"wp:attachment":[{"href":"https:\/\/loulecuyer.com\/index.php\/wp-json\/wp\/v2\/media?parent=436"}],"curies":[{"name":"wp","href":"https:\/\/api.w.org\/{rel}","templated":true}]}}